?
262
In base 14, what is -120 - 3b?
-15b
In base 8, what is -121 - -12?
-107
In base 13, what is -2394 - -2?
-2392
In base 12, what is -3 - -3a?
37
In base 13, what is 4a + -5?
45
In base 5, what is 400 - -3?
403
In base 5, what is 1124 - 4?
1120
In base 12, what is 26aa + -4?
26a6
In base 3, what is -100 + -221?
-1021
In base 11, what is 4 - -1a?
23
In base 13, what is 1ba + 3?
1c0
In base 3, what is 201 - -1000?
1201
In base 7, what is 5 - 203?
-165
In base 12, what is -71 - -1?
-70
In base 6, what is 5 - 450?
-441
In base 3, what is -2 + 1011002?
1011000
In base 13, what is 6 - -7?
10
In base 14, what is 4 + -1c?
-18
In base 6, what is 115 + -220?
-101
In base 10, what is -96 + -9?
-105
In base 6, what is 1501 - -1?
1502
In base 12, what is 28 + 3?
2b
In base 16, what is 393 - 3?
390
In base 15, what is -9c - 2?
-9e
In base 8, what is 22 + -32?
-10
In base 7, what is 2564 + 2?
2566
In base 9, what is 13635 + -1?
13634
In base 5, what is -31 + -1?
-32
In base 16, what is -50d - 10?
-51d
In base 15, what is 3c52 - -1?
3c53
In base 16, what is -3 + -95?
-98
In base 4, what is 1 + 3213?
3220
In base 5, what is -12343 + -3?
-12401
In base 16, what is 1ba + 3?
1bd
In base 10, what is 4 - -142?
146
In base 13, what is -79 - 8?
-84
In base 10, what is 3949 - -2?
3951
In base 13, what is -280 - -1?
-27c
In base 8, what is 2 - 1307?
-1305
In base 10, what is 5 - 66?
-61
In base 12, what is 3 - 6?
-3
In base 14, what is 60 - 28?
36
In base 14, what is 0 + 1?
1
In base 7, what is 343 + -3?
340
In base 14, what is 3 - -69?
6c
In base 13, what is 23 - -66?
89
In base 3, what is 1100 - 1022?
1
In base 16, what is 5 + b9?
be
In base 16, what is -12 + -20?
-32
In base 8, what is -1 - 74?
-75
In base 15, what is 59 - 3b?
1d
In base 11, what is -34a - -3?
-347
In base 5, what is 2 - 10030?
-10023
In base 11, what is -4 - -105?
101
In base 16, what is a - -3ea?
3f4
In base 12, what is -5 - 352?
-357
In base 8, what is -2 - -144?
142
In base 3, what is 2111 - 12?
2022
In base 7, what is 3 - -63?
66
In base 9, what is -10 - 164?
-174
In base 7, what is 3251 - -2?
3253
In base 16, what is -4 - -35?
31
In base 14, what is 5 - -2a8?
2ad
In base 10, what is -20680 + 1?
-20679
In base 15, what is 165 - -5?
16a
In base 4, what is -112 - 3020?
-3132
In base 4, what is -200313 - 3?
-200322
In base 12, what is 0 - 6?
-6
In base 15, what is -7e8 - b?
-804
In base 13, what is 0 + 2ac?
2ac
In base 9, what is 1 - 123?
-122
In base 9, what is -1 - 81?
-82
In base 3, what is -1 + -12111?
-12112
In base 6, what is -1 - 34?
-35
In base 3, what is -110221 + -12?
-111010
In base 15, what is -4 + -598?
-59c
In base 7, what is 4 - -656?
663
In base 15, what is -4 + -a9?
-ad
In base 2, what is 111 - 111?
0
In base 11, what is -96 - -3?
-93
In base 4, what is -1 - 11030?
-11031
In base 12, what is 3b + 3?
42
In base 11, what is 1722 + -3?
171a
In base 10, what is -822 - 7?
-829
In base 7, what is 35 + -10?
25
In base 13, what is -205 - 0?
-205
In base 8, what is 4 + -1312?
-1306
In base 3, what is 20012 - 20?
12222
In base 15, what is 42 + -10?
32
In base 5, what is 33 + -14?
14
In base 15, what is 70 + 2?
72
In base 2, what is 1010 + -1011100101?
-1011011011
In base 6, what is 3 + -4325?
-4322
In base 13, what is 2 - 432?
-430
In base 3, what is 100101 - 110?
22221
In base 3, what is 11 + 110101?
110112
In base 2, what is 1 + 1000101100?
1000101101
In base 10, what is -2 - -4?
2
In base 4, what is -2103 + -11?
-2120
In base 13, what is 25 + 42?
67
In base 13, what is -b + 225?
217
In base 12, what is -137 + 5?
-132
In base 6, what is -4 - 1435?
-1443
In base 16, what is -7 + 3f?
38
In base 15, what is 1 + -56?
-55
In base 3, what is -1022221212 - -2?
-1022221210
In base 3, what is 10012 - -10?
10022
In base 10, what is -29 - 47?
-76
In base 7, what is -1456 - 2?
-1461
In base 2, what is -100 + 10001101?
10001001
In base 9, what is -1087 - 0?
-1087
In base 9, what is -653 - -2?
-651
In base 4, what is 10 - 3?
1
In base 11, what is -5 + 85?
80
In base 3, what is -2 + 10020?
10011
In base 6, what is 35153 - -1?
35154
In base 8, what is -2010 - 3?
-2013
In base 2, what is -1011111000 - 100?
-1011111100
In base 5, what is 1002 + -22?
430
In base 2, what is 1101 + 11001?
100110
In base 10, what is 5 - -2514?
2519
In base 12, what is 23 + -7?
18
In base 13, what is -a + b5?
a8
In base 7, what is 0 - 253?
-253
In base 7, what is -103 + 2?
-101
In base 14, what is 18d + -55?
138
In base 13, what is -5 + 11ca?
11c5
In base 9, what is -28 - -64?
35
In base 8, what is -1 + -3411?
-3412
In base 5, what is 2 + 4003?
4010
In base 9, what is 13 - 537?
-524
In base 9, what is 45 + -32?
13
In base 2, what is -1 - -11?
10
In base 13, what is 5 + -3a?
-35
In base 5, what is -221 - -41?
-130
In base 11, what is -342 - -2?
-340
In base 12, what is -17 + -86?
-a1
In base 7, what is 13364 - -1?
13365
In base 15, what is -2 + a5?
a3
In base 15, what is 95 - 1?
94
In base 11, what is -192 - -9?
-184
In base 16, what is -65 - -23?
-42
In base 10, what is -11 - 15?
-26
In base 5, what is 21142 - 1?
21141
In base 15, what is 4 - -1?
5
In base 16, what is -3 + -5d?
-60
In base 14, what is 2b - 259?
-22c
In base 3, what is -102 + -10?
-112
In base 16, what is -1f + 3?
-1c
In base 6, what is 125455 + -3?
125452
In base 16, what is 6 - -5c?
62
In base 5, what is 1 - 2330?
-2324
In base 4, what is -10 + -1310?
-1320
In base 5, what is -13014 + 10?
-13004
In base 3, what is 12 + 210202?
210221
In base 11, what is -3 - -41?
39
In base 8, what is -35 + 217?
162
In base 14, what is 0 - db?
-db
In base 6, what is 2142 - 3?
2135
In base 7, what is -315 + 5?
-310
In base 15, what is 6 + 9b3?
9b9
In base 13, what is 0 + 26?
26
In base 16, what is -65 + a?
-5b
In base 16, what is 122 - 25?
fd
In base 13, what is 0 + 58?
58
In base 16, what is 83e - 1?
83d
In base 3, what is -2 + 11010201?
11010122
In base 15, what is -5 + 6?
1
In base 15, what is -21ae + 4?
-21aa
In base 11, what is -9 - 21?
-2a
In base 16, what is 17 - 180?
-169
In base 2, what is 101101011001010 - -10?
101101011001100
In base 2, what is 1100 + 11100?
101000
In base 4, what is -13010 + 10?
-13000
In base 3, what is 10 - 1111?
-1101
In base 4, what is -101012 - -10?
-101002
In base 8, what is -763 - -3?
-760
In base 14, what is -c - 6?
-14
In base 14, what is -315 + -3?
-318
In base 14, what is 0 + b9b?
b9b
In base 3, what is 2121112 + 100?
2121212
In base 13, what is -11 - 22?
-33
In base 14, what is -c45 - 7?
-c4c
In base 16, what is 65a - 1?
659
In base 13, what is 30b - 1?
30a
In base 6, what is 223 + 10?
233
In base 14, what is -192 - -4?
-18c
In base 15, what is -51 + -6?
-57
In base 13, what is 962 - 0?
962
In base 5, what is 1024 + 10?
1034
In base 13, what is 34 - 4?
30
In base 4, what is -3 + 10?
1
In base 4, what is 203 + 2?
211
In base 13, what is -19 - -12?
-7
In base 13, what is 0 - 2245?
-2245
In base 14, what is 4 + -d1?
-cb
In base 7, what is -3 + -20?
-23
In base 7, what is -1 - 15?
-16
In base 10, what is 22 - 0?
22
In base 11, what is -585 + -1?
-586
In base 8, what is 27205 + -1?
27204
In base 4, what is -31301 - 10?
-31311
In base 15, what is 3 + -9c?
-99
In base 5, what is 14 + -143?
-124
In base 9, what is 3818 - -6?
3825
In base 10, what is -12 - 4?
-16
In base 9, what is 5 - -11051?
11056
In base 12, what is 1 + 6?
7
In base 12, what is -5 - -155b?
1556
In base 8, what is -10 - 3047?
-3057
In base 2, what is -100 + 1010110011010?
1010110010110
In base 8, what is 741 - -10?
751
In base 9, what is -3 + -123?
-126
In base 3, what is -11 + -12012?
-12100
In base 5, what is -42412 + -2?
-42414
In base 5, what is 4 + -21?
-12
In base 16, what is -49 + 2?
-47
In base 14, what is -32 - -18?
-18
In base 8, what is 3 + -1?
2
In base 16, what is -14 - 37?
-4b
In base 5, what is 10 - -22020?
22030
In base 4, what is -11002 - 1?
-11003
In base 13, what is 3 + 19?
1c
In base 7, what is -40 - 2?
-42
In base 9, what is 41 + -4?
36
In base 10, what is 13 - 18?
-5
In base 4, what is -21113 - 11?
-21130
In base 6, what is -534 - -54?
-440
In base 16, what is eae - -5?
eb3
In base 15, what is -11 + 8e?
7d
In base 5, what is -212 + -2?
-214
In base 5, what is -303 + -131?
-434
In base 11, what is -2 + 152?
150
In base 3, what is -21 - -212?
121
In 